
{"id":191,"date":"2025-12-10T13:55:00","date_gmt":"2025-12-10T12:55:00","guid":{"rendered":"https:\/\/przedszkole33.edu.wroclaw.pl\/?page_id=191"},"modified":"2026-04-13T08:30:24","modified_gmt":"2026-04-13T06:30:24","slug":"jadlospis","status":"publish","type":"page","link":"https:\/\/przedszkole33.edu.wroclaw.pl\/index.php\/o-nas\/jadlospis\/","title":{"rendered":"Jad\u0142ospis"},"content":{"rendered":"<div class=\"wpb-content-wrapper\"><p>[vc_row full_width=&#8221;stretch_row&#8221; css=&#8221;.vc_custom_1765371797813{background-color: #D3F07B !important;}&#8221;][vc_column width=&#8221;1\/4&#8243;][vc_single_image image=&#8221;195&#8243; img_size=&#8221;large&#8221; alignment=&#8221;center&#8221; css=&#8221;&#8221;][\/vc_column][vc_column width=&#8221;3\/4&#8243;][vc_custom_heading text=&#8221;Poniedzia\u0142ek 13.04.2026&#8243; font_container=&#8221;tag:h2|font_size:32px|text_align:center&#8221; google_fonts=&#8221;font_family:Amatic%20SC%3Aregular%2C700|font_style:700%20bold%20regular%3A700%3Anormal&#8221; css=&#8221;&#8221;][vc_row_inner][vc_column_inner width=&#8221;1\/4&#8243;][vc_column_text css=&#8221;&#8221;]<strong><span style=\"font-size: 14pt\">\u015aniadanie<\/span><\/strong>[\/vc_column_text][\/vc_column_inner][vc_column_inner width=&#8221;3\/4&#8243;][vc_column_text css=&#8221;&#8221;][\/vc_column_text][vc_column_text css=&#8221;&#8221;]Pieczywo mieszane <strong>\/ gluten pszenny, \u017cytni \/<\/strong><\/p>\n<p>mas\u0142o <strong>\/ mleko \/,<\/strong>w\u0119dlina\u00a0 <strong>\/ gorczyca ,soja \/<\/strong><\/p>\n<p>papryka, herbata z cytryn\u0105[\/vc_column_text][vc_column_text css=&#8221;&#8221;][\/vc_column_text][\/vc_column_inner][\/vc_row_inner][vc_row_inner][vc_column_inner width=&#8221;1\/4&#8243;][vc_column_text css=&#8221;&#8221;]<span style=\"font-size: 14pt\"><strong>Drugie \u015bniadanie<\/strong><\/span>[\/vc_column_text][\/vc_column_inner][vc_column_inner width=&#8221;3\/4&#8243;][vc_column_text css=&#8221;&#8221;]Bu\u0142ka kajzerka <strong>\/ gluten pszenny, \u017cytni \/<\/strong><\/p>\n<p>twaro\u017cek waniliowy z brzoskwini\u0105 <strong>\/ mleko \/<\/strong><\/p>\n<p>chrupi\u0105ce plastry jab\u0142ka[\/vc_column_text][\/vc_column_inner][\/vc_row_inner][vc_row_inner][vc_column_inner width=&#8221;1\/4&#8243;][vc_column_text css=&#8221;&#8221;]<strong><span style=\"font-size: 14pt\">Obiad<\/span><\/strong>[\/vc_column_text][\/vc_column_inner][vc_column_inner width=&#8221;3\/4&#8243;][vc_column_text css=&#8221;&#8221;]Zupa z fasolki szparagowej <strong>\/ seler ,mleko \/<\/strong><\/p>\n<p>spaghetti z sosem bolo\u0144skim <strong>\/ gluten pszenny, \u017cytni \/<\/strong><\/p>\n<p>og\u00f3rek w s\u0142upku , kompot wieloowocowy[\/vc_column_text][\/vc_column_inner][\/vc_row_inner][\/vc_column][\/vc_row][vc_row full_width=&#8221;stretch_row&#8221; css=&#8221;.vc_custom_1765371962396{background-color: #49F092 !important;}&#8221;][vc_column width=&#8221;1\/4&#8243;][vc_single_image image=&#8221;195&#8243; img_size=&#8221;large&#8221; alignment=&#8221;center&#8221; css=&#8221;&#8221;][\/vc_column][vc_column width=&#8221;3\/4&#8243;][vc_custom_heading text=&#8221;Wtorek 14.04.2026&#8243; font_container=&#8221;tag:h2|font_size:32px|text_align:center&#8221; google_fonts=&#8221;font_family:Amatic%20SC%3Aregular%2C700|font_style:700%20bold%20regular%3A700%3Anormal&#8221; css=&#8221;&#8221;][vc_column_text css=&#8221;&#8221;][\/vc_column_text][vc_row_inner][vc_column_inner width=&#8221;1\/4&#8243;][vc_column_text css=&#8221;&#8221;]<strong><span style=\"font-size: 14pt\">\u015aniadanie<\/span><\/strong>[\/vc_column_text][\/vc_column_inner][vc_column_inner width=&#8221;3\/4&#8243;][vc_column_text css=&#8221;&#8221;]Pieczywo orkiszowe <strong>\/ gluten pszenny, orkisz \/<\/strong><\/p>\n<p>ser \u017c\u00f3\u0142ty <strong>\/ mleko \/, <\/strong>rzodkiewka<\/p>\n<p>mas\u0142o <strong>\/ mleko \/ <\/strong><\/p>\n<p>napar mi\u0119towy[\/vc_column_text][\/vc_column_inner][\/vc_row_inner][vc_row_inner][vc_column_inner width=&#8221;1\/4&#8243;][vc_column_text css=&#8221;&#8221;]<strong><span style=\"font-size: 14pt\">Drugie \u015bniadanie\u00a0<\/span><\/strong>[\/vc_column_text][vc_column_text css=&#8221;&#8221;][\/vc_column_text][\/vc_column_inner][vc_column_inner width=&#8221;3\/4&#8243;][vc_column_text css=&#8221;&#8221;]Tost z szynk\u0105 i serem<\/p>\n<p><strong>\/gluten pszenny, \u017cytni, mleko, gorczyca, soja\/, <\/strong>keczup , jab\u0142ko[\/vc_column_text][\/vc_column_inner][\/vc_row_inner][vc_row_inner][vc_column_inner width=&#8221;1\/4&#8243;][vc_column_text css=&#8221;&#8221;]<strong><span style=\"font-size: 14pt\">Obiad<\/span><\/strong>[\/vc_column_text][\/vc_column_inner][vc_column_inner width=&#8221;3\/4&#8243;][vc_column_text css=&#8221;&#8221;]Zupa barszcz czerwony z fasolk\u0105 <strong>\/ seler , mleko \/ <\/strong><\/p>\n<p>ziemniaki\u00a0 z koperkiem , kotlet drobiowy<\/p>\n<p><strong>\/ jajko, gluten pszenny, \u017cytni, jajko \u00a0\/<\/strong><\/p>\n<p>marchewka z groszkiem na ciep\u0142o<\/p>\n<p>kompot wi\u015bniowy[\/vc_column_text][\/vc_column_inner][\/vc_row_inner][\/vc_column][\/vc_row][vc_row full_width=&#8221;stretch_row&#8221; css=&#8221;.vc_custom_1765372055421{background-color: #8DBDFC !important;}&#8221;][vc_column width=&#8221;1\/4&#8243;][vc_single_image image=&#8221;195&#8243; img_size=&#8221;large&#8221; alignment=&#8221;center&#8221; css=&#8221;&#8221;][\/vc_column][vc_column width=&#8221;3\/4&#8243;][vc_custom_heading text=&#8221;\u015aroda 15.04.2026&#8243; font_container=&#8221;tag:h2|font_size:32px|text_align:center&#8221; google_fonts=&#8221;font_family:Amatic%20SC%3Aregular%2C700|font_style:700%20bold%20regular%3A700%3Anormal&#8221; css=&#8221;&#8221;][vc_row_inner][vc_column_inner width=&#8221;1\/4&#8243;][vc_column_text css=&#8221;&#8221;]<strong><span style=\"font-size: 14pt\">\u015aniadanie<\/span><\/strong>[\/vc_column_text][\/vc_column_inner][vc_column_inner width=&#8221;3\/4&#8243;][vc_column_text css=&#8221;&#8221;]P\u0142atki owsiane na mleku <strong>\/ mleko , owies \/<\/strong><\/p>\n<p>pieczywo wieloziarniste <strong>\/ gluten pszenny, \u017cytni \/<\/strong><\/p>\n<p>pieczony filet z indyka <strong>\/ gorczyca, soja \/<\/strong><\/p>\n<p>mas\u0142o <strong>\/ mleko \/,<\/strong> sa\u0142ata<\/p>\n<p>herbata \u017curawinowa[\/vc_column_text][\/vc_column_inner][\/vc_row_inner][vc_row_inner][vc_column_inner width=&#8221;1\/4&#8243;][vc_column_text css=&#8221;&#8221;]<strong><span style=\"font-size: 14pt\">Drugie \u015bniadanie<\/span><\/strong>[\/vc_column_text][vc_column_text css=&#8221;&#8221;].[\/vc_column_text][\/vc_column_inner][vc_column_inner width=&#8221;3\/4&#8243;][vc_column_text css=&#8221;&#8221;]Par\u00f3wka z szynki <strong>\/ gorczyca, soja \/<\/strong><\/p>\n<p>weka krojona <strong>\/ gluten pszenny, \u017cytni \/<\/strong><\/p>\n<p>keczup<\/p>\n<p>sok owocowo-warzywny<\/p>\n<p>( jab\u0142ko, marchew, mirabelka, cytryna\u00a0 )[\/vc_column_text][\/vc_column_inner][\/vc_row_inner][vc_row_inner][vc_column_inner width=&#8221;1\/4&#8243;][vc_column_text css=&#8221;&#8221;]<strong><span style=\"font-size: 14pt\">Obiad<\/span><\/strong>[\/vc_column_text][\/vc_column_inner][vc_column_inner width=&#8221;3\/4&#8243;][vc_column_text css=&#8221;&#8221;]Zupa szczawiowa z jajkiem <strong>\/ seler, jajko, mleko \/<\/strong><\/p>\n<p>nale\u015bniki ze szpinakiem , mi\u0119sem drobiowym<\/p>\n<p><strong>\/ gluten pszenny, \u017cytni, jajko, mleko \/<\/strong><\/p>\n<p>dip zio\u0142owo czosnkowy na jogurcie <strong>\/ mleko \/<\/strong><\/p>\n<p>marchewka w s\u0142upku<\/p>\n<p>kompot wi\u015bniowy[\/vc_column_text][\/vc_column_inner][\/vc_row_inner][\/vc_column][\/vc_row][vc_row full_width=&#8221;stretch_row&#8221; css=&#8221;.vc_custom_1765372398014{background-color: #C6BFE9 !important;}&#8221;][vc_column width=&#8221;1\/4&#8243;][vc_single_image image=&#8221;195&#8243; img_size=&#8221;large&#8221; alignment=&#8221;center&#8221; css=&#8221;&#8221;][\/vc_column][vc_column width=&#8221;3\/4&#8243;][vc_custom_heading text=&#8221;Czwartek 16.04.2026&#8243; font_container=&#8221;tag:h2|font_size:32px|text_align:center&#8221; google_fonts=&#8221;font_family:Amatic%20SC%3Aregular%2C700|font_style:700%20bold%20regular%3A700%3Anormal&#8221; css=&#8221;&#8221;][vc_row_inner][vc_column_inner width=&#8221;1\/4&#8243;][vc_column_text css=&#8221;&#8221;]<strong><span style=\"font-size: 14pt\">\u015aniadanie<\/span><\/strong>[\/vc_column_text][\/vc_column_inner][vc_column_inner width=&#8221;3\/4&#8243;][vc_column_text css=&#8221;&#8221;]Pieczywo mieszane <strong>\/ gluten pszenny, \u017cytni \/<\/strong><\/p>\n<p>mas\u0142o <strong>\/ mleko \/,<\/strong> pasta z broku\u0142u i w\u0119dliny<\/p>\n<p><strong>\/ mleko, gorczyca, soja \/,<\/strong> oliwki<\/p>\n<p>napar rumiankowy[\/vc_column_text][\/vc_column_inner][\/vc_row_inner][vc_row_inner][vc_column_inner width=&#8221;1\/4&#8243;][vc_column_text css=&#8221;&#8221;]<strong><span style=\"font-size: 14pt\">Drugie \u015bniadanie<\/span><\/strong>[\/vc_column_text][\/vc_column_inner][vc_column_inner width=&#8221;3\/4&#8243;][vc_column_text css=&#8221;&#8221;]Gotowany ry\u017c z jab\u0142kiem<\/p>\n<p>bita \u015bmietana <strong>\/ mleko \/<\/strong><\/p>\n<p>winogrona[\/vc_column_text][\/vc_column_inner][\/vc_row_inner][vc_row_inner][vc_column_inner width=&#8221;1\/4&#8243;][vc_column_text css=&#8221;&#8221;]<strong><span style=\"font-size: 14pt\">Obiad<\/span><\/strong>[\/vc_column_text][\/vc_column_inner][vc_column_inner width=&#8221;3\/4&#8243;][vc_column_text css=&#8221;&#8221;]Zupa meksyka\u0144ska z kukurydz\u0105 \u00a0<strong>\/ seler \/<\/strong><\/p>\n<p>nale\u015bniki z serem , mus truskawkowy<\/p>\n<p><strong>\/ gluten pszenny ,\u017cytni, jajko, mleko \/<\/strong><\/p>\n<p>sur\u00f3wka z marchewki , jab\u0142ka rodzynek i \u017curawiny<\/p>\n<p>lemoniada z owoc\u00f3w cytrusowych[\/vc_column_text][\/vc_column_inner][\/vc_row_inner][\/vc_column][\/vc_row][vc_row full_width=&#8221;stretch_row&#8221; css=&#8221;.vc_custom_1765372423941{background-color: #F796AE !important;}&#8221;][vc_column width=&#8221;1\/4&#8243;][vc_single_image image=&#8221;195&#8243; img_size=&#8221;large&#8221; alignment=&#8221;center&#8221; css=&#8221;&#8221;][\/vc_column][vc_column width=&#8221;3\/4&#8243;][vc_custom_heading text=&#8221;Pi\u0105tek 17.04.2026&#8243; font_container=&#8221;tag:h2|font_size:32px|text_align:center&#8221; google_fonts=&#8221;font_family:Amatic%20SC%3Aregular%2C700|font_style:700%20bold%20regular%3A700%3Anormal&#8221; css=&#8221;&#8221;][vc_row_inner][vc_column_inner width=&#8221;1\/4&#8243;][vc_column_text css=&#8221;&#8221;]<strong><span style=\"font-size: 14pt\">\u015aniadanie<\/span><\/strong>[\/vc_column_text][\/vc_column_inner][vc_column_inner width=&#8221;3\/4&#8243;][vc_column_text css=&#8221;&#8221;]Pieczywo mieszane \u00a0<strong>\/ gluten pszenny, \u017cytni \/<\/strong><\/p>\n<p>mas\u0142o <strong>\/ mleko \/,<\/strong> jajecznica ze szczypiorkiem<\/p>\n<p><strong>\/ jajko \/ , <\/strong>papryka<\/p>\n<p>herbata malinowa[\/vc_column_text][\/vc_column_inner][\/vc_row_inner][vc_row_inner][vc_column_inner width=&#8221;1\/4&#8243;][vc_column_text css=&#8221;&#8221;]<strong><span style=\"font-size: 14pt\">Drugie \u015bniadanie<\/span><\/strong>[\/vc_column_text][\/vc_column_inner][vc_column_inner width=&#8221;3\/4&#8243;][vc_column_text css=&#8221;&#8221;]Talerz warzywny ( og\u00f3rek, papryka, kalarepa, rzodkiewka )<br \/>\npieczywo chrupkie <strong>\/ gluten pszenny, \u017cytni \/<\/strong>[\/vc_column_text][\/vc_column_inner][\/vc_row_inner][vc_row_inner][vc_column_inner width=&#8221;1\/4&#8243;][vc_column_text css=&#8221;&#8221;]<strong><span style=\"font-size: 14pt\">Obiad<\/span><\/strong>[\/vc_column_text][\/vc_column_inner][vc_column_inner width=&#8221;3\/4&#8243;][vc_column_text css=&#8221;&#8221;]Zupa grochowa \u00a0\u00a0<strong>\/ seler \/<\/strong><\/p>\n<p>makaron z tu\u0144czykiem, \u015bwie\u017cym pomidorem i natk\u0105 pietruszki <strong>\/ gluten pszenny ,\u017cytni \/<\/strong> papryka w s\u0142upku<\/p>\n<p>kompot agrestowo jab\u0142kowy[\/vc_column_text][\/vc_column_inner][\/vc_row_inner][\/vc_column][\/vc_row][vc_row][vc_column][vc_column_text css=&#8221;&#8221;]<\/p>\n<section class=\"elementor-section elementor-top-section elementor-element elementor-element-baedd96 elementor-section-boxed elementor-section-height-default elementor-section-height-default\" data-id=\"baedd96\" data-element_type=\"section\" data-settings=\"{&quot;background_background&quot;:&quot;gradient&quot;}\">\n<div class=\"elementor-container elementor-column-gap-default\">\n<div class=\"elementor-row\">\n<div class=\"elementor-column elementor-col-100 elementor-top-column elementor-element elementor-element-6568343\" data-id=\"6568343\" data-element_type=\"column\">\n<div class=\"elementor-column-wrap elementor-element-populated\">\n<div class=\"elementor-widget-wrap\">\n<section class=\"elementor-section elementor-inner-section elementor-element elementor-element-aba433a elementor-section-content-middle elementor-section-boxed elementor-section-height-default elementor-section-height-default\" data-id=\"aba433a\" data-element_type=\"section\">\n<div class=\"elementor-container elementor-column-gap-default\">\n<div class=\"elementor-row\">\n<div class=\"elementor-column elementor-col-100 elementor-inner-column elementor-element elementor-element-b6c355d\" data-id=\"b6c355d\" data-element_type=\"column\">\n<div class=\"elementor-column-wrap elementor-element-populated\">\n<div class=\"elementor-widget-wrap\">\n<div class=\"elementor-element elementor-element-b2350b1 elementor-widget elementor-widget-text-editor\" data-id=\"b2350b1\" data-element_type=\"widget\" data-widget_type=\"text-editor.default\">\n<div class=\"elementor-widget-container\">\n<div class=\"elementor-text-editor elementor-clearfix\">\n<ul>\n<li><span style=\"font-size: 14pt\"><em>W jad\u0142ospisie pogrubion\u0105 czcionk\u0105 zaznaczono alergeny zgodnie z rozporz\u0105dzeniem PE1169\/2011.Ka\u017cda porcja zupy zawiera dodatek \u015bwie\u017cych zi\u00f3\u0142.Woda do picia jest stale dost\u0119pna. Przedszkole zastrzega sobie praw do zmian w jad\u0142ospisie wynikaj\u0105cych z przyczyn technologicznych lub losowych.\u015arednia warto\u015b\u0107 od\u017cywcza posi\u0142k\u00f3w dost\u0119pna jest u intendenta.<br \/>\n<\/em><\/span><\/li>\n<\/ul>\n<p><span style=\"font-size: 14pt\"><strong>Poszczeg\u00f3lne substancje i produkty uznawane za alergeny\u00a0 to :<\/strong><\/span><\/p>\n<ul>\n<li><span style=\"font-size: 14pt\">zbo\u017ca zawieraj\u0105ce gluten, tj. pszenica (w tym orkisz i pszenica khorasan), \u017cyto, j\u0119czmie\u0144, owies lub ich odmiany hybrydowe, a tak\u017ce produkty pochodne (ze wskazanymi wyj\u0105tkami),<\/span><\/li>\n<li><span style=\"font-size: 14pt\">skorupiaki i produkty pochodne,<\/span><\/li>\n<li><span style=\"font-size: 14pt\">jaja i produkty pochodne,<\/span><\/li>\n<li><span style=\"font-size: 14pt\">ryby i produkty pochodne (ze wskazanymi wyj\u0105tkami),<\/span><\/li>\n<li><span style=\"font-size: 14pt\">orzeszki ziemne (arachidowe) i produkty pochodne,<\/span><\/li>\n<li><span style=\"font-size: 14pt\">soja i produkty pochodne (ze wskazanymi wyj\u0105tkami),<\/span><\/li>\n<li><span style=\"font-size: 14pt\">mleko i produkty pochodne (\u0142\u0105cznie z laktoz\u0105) (ze wskazanymi wyj\u0105tkami),<\/span><\/li>\n<li><span style=\"font-size: 14pt\">orzechy, tj. migda\u0142y, orzechy laskowe, orzechy w\u0142oskie, orzechy nerkowca, orzeszki pekan, orzechy brazylijskie, pistacje\/orzechy pistacjowe, orzechy makadamia lub orzechy Queensland, a tak\u017ce produkty pochodne (ze wskazanymi wyj\u0105tkami),<\/span><\/li>\n<li><span style=\"font-size: 14pt\">seler i produkty pochodne,<\/span><\/li>\n<li><span style=\"font-size: 14pt\">gorczyca i produkty pochodne,<\/span><\/li>\n<li><span style=\"font-size: 14pt\">nasiona sezamu i produkty pochodne,<\/span><\/li>\n<li><span style=\"font-size: 14pt\">dwutlenek siarki i siarczyny w st\u0119\u017ceniach powy\u017cej 10 mg\/kg lub 10 mg\/litr w przeliczeniu na ca\u0142kowit\u0105 zawarto\u015b\u0107 SO<sub>2<\/sub> dla produkt\u00f3w w postaci gotowej bezpo\u015brednio do spo\u017cycia lub w postaci przygotowanej do spo\u017cycia zgodnie z instrukcjami wytw\u00f3rc\u00f3w,<\/span><\/li>\n<li><span style=\"font-size: 14pt\">\u0142ubin i produkty pochodne,<\/span><\/li>\n<li><span style=\"font-size: 14pt\">mi\u0119czaki i produkty pochodne.<\/span><\/li>\n<\/ul>\n<\/div>\n<\/div>\n<\/div>\n<\/div>\n<\/div>\n<\/div>\n<\/div>\n<\/div>\n<\/section>\n<\/div>\n<\/div>\n<\/div>\n<\/div>\n<\/div>\n<\/section>\n<p>[\/vc_column_text][\/vc_column][\/vc_row]<\/p>\n<\/div>","protected":false},"excerpt":{"rendered":"<p>[vc_row full_width=&#8221;stretch_row&#8221; css=&#8221;.vc_custom_1765371797813{background-color: #D3F07B !important;}&#8221;][vc_column width=&#8221;1\/4&#8243;][vc_single_image image=&#8221;195&#8243; img_size=&#8221;large&#8221; alignment=&#8221;center&#8221; css=&#8221;&#8221;][\/vc_column][vc_column width=&#8221;3\/4&#8243;][vc_custom_heading text=&#8221;Poniedzia\u0142ek 13.04.2026&#8243; font_container=&#8221;tag:h2|font_size:32px|text_align:center&#8221; google_fonts=&#8221;font_family:Amatic%20SC%3Aregular%2C700|font_style:700%20bold%20regular%3A700%3Anormal&#8221; css=&#8221;&#8221;][vc_row_inner][vc_column_inner width=&#8221;1\/4&#8243;][vc_column_text css=&#8221;&#8221;]\u015aniadanie[\/vc_column_text][\/vc_column_inner][vc_column_inner width=&#8221;3\/4&#8243;][vc_column_text css=&#8221;&#8221;][\/vc_column_text][vc_column_text css=&#8221;&#8221;]Pieczywo mieszane \/ gluten pszenny, \u017cytni \/ mas\u0142o \/ mleko [&hellip;]<\/p>\n","protected":false},"author":72,"featured_media":0,"parent":8,"menu_order":0,"comment_status":"closed","ping_status":"closed","template":"","meta":{"footnotes":""},"class_list":["post-191","page","type-page","status-publish","hentry","clearfix"],"_links":{"self":[{"href":"https:\/\/przedszkole33.edu.wroclaw.pl\/index.php\/wp-json\/wp\/v2\/pages\/191","targetHints":{"allow":["GET"]}}],"collection":[{"href":"https:\/\/przedszkole33.edu.wroclaw.pl\/index.php\/wp-json\/wp\/v2\/pages"}],"about":[{"href":"https:\/\/przedszkole33.edu.wroclaw.pl\/index.php\/wp-json\/wp\/v2\/types\/page"}],"author":[{"embeddable":true,"href":"https:\/\/przedszkole33.edu.wroclaw.pl\/index.php\/wp-json\/wp\/v2\/users\/72"}],"replies":[{"embeddable":true,"href":"https:\/\/przedszkole33.edu.wroclaw.pl\/index.php\/wp-json\/wp\/v2\/comments?post=191"}],"version-history":[{"count":31,"href":"https:\/\/przedszkole33.edu.wroclaw.pl\/index.php\/wp-json\/wp\/v2\/pages\/191\/revisions"}],"predecessor-version":[{"id":447,"href":"https:\/\/przedszkole33.edu.wroclaw.pl\/index.php\/wp-json\/wp\/v2\/pages\/191\/revisions\/447"}],"up":[{"embeddable":true,"href":"https:\/\/przedszkole33.edu.wroclaw.pl\/index.php\/wp-json\/wp\/v2\/pages\/8"}],"wp:attachment":[{"href":"https:\/\/przedszkole33.edu.wroclaw.pl\/index.php\/wp-json\/wp\/v2\/media?parent=191"}],"curies":[{"name":"wp","href":"https:\/\/api.w.org\/{rel}","templated":true}]}}