
{"id":35,"date":"2025-11-13T12:40:55","date_gmt":"2025-11-13T11:40:55","guid":{"rendered":"https:\/\/przedszkole33.edu.wroclaw.pl\/?page_id=35"},"modified":"2026-02-04T12:55:22","modified_gmt":"2026-02-04T11:55:22","slug":"strona-glowna","status":"publish","type":"page","link":"https:\/\/przedszkole33.edu.wroclaw.pl\/","title":{"rendered":"Strona g\u0142\u00f3wna"},"content":{"rendered":"<div class=\"wpb-content-wrapper\"><p>[vc_row][vc_column width=&#8221;1\/6&#8243;][\/vc_column][vc_column width=&#8221;2\/3&#8243;][vc_row_inner equal_height=&#8221;yes&#8221;][vc_column_inner width=&#8221;1\/2&#8243;][vc_btn title=&#8221;Jad\u0142ospis&#8221; style=&#8221;outline&#8221; color=&#8221;primary&#8221; size=&#8221;lg&#8221; align=&#8221;center&#8221; i_icon_fontawesome=&#8221;fa fa-solid fa-apple-whole&#8221; css=&#8221;&#8221; button_block=&#8221;true&#8221; add_icon=&#8221;true&#8221; link=&#8221;url:https%3A%2F%2Fprzedszkole33.edu.wroclaw.pl%2Findex.php%2Fo-nas%2Fjadlospis%2F|title:Jad%C5%82ospis&#8221;][\/vc_column_inner][vc_column_inner width=&#8221;1\/2&#8243;][vc_btn title=&#8221;Komunikaty i og\u0142oszenia&#8221; style=&#8221;outline&#8221; color=&#8221;inverse&#8221; size=&#8221;lg&#8221; align=&#8221;center&#8221; i_type=&#8221;typicons&#8221; i_icon_typicons=&#8221;typcn typcn-document-text&#8221; css=&#8221;&#8221; button_block=&#8221;true&#8221; add_icon=&#8221;true&#8221; link=&#8221;url:https%3A%2F%2Fprzedszkole33.edu.wroclaw.pl%2Findex.php%2Fkomunikaty-i-ogloszenia%2F|title:Komunikaty%20i%20Og%C5%82oszenia&#8221;][\/vc_column_inner][\/vc_row_inner][\/vc_column][vc_column width=&#8221;1\/6&#8243;][\/vc_column][\/vc_row][vc_row][vc_column][vc_empty_space][\/vc_column][\/vc_row][vc_row full_width=&#8221;stretch_row&#8221; css=&#8221;.vc_custom_1763366074950{background-color: #E9E8E8 !important;}&#8221;][vc_column][vc_custom_heading text=&#8221;Rekrutacja 2026\/2027&#8243; font_container=&#8221;tag:h2|font_size:42|text_align:center&#8221; google_fonts=&#8221;font_family:Amatic%20SC%3Aregular%2C700|font_style:700%20bold%20regular%3A700%3Anormal&#8221; css_animation=&#8221;fadeInDown&#8221; css=&#8221;&#8221;][vc_zigzag color=&#8221;sky&#8221; el_width=&#8221;50&#8243; el_border_width=&#8221;15&#8243; css_animation=&#8221;fadeInDown&#8221;][vc_column_text css=&#8221;&#8221;]<\/p>\n<h2>Przedszkole nr 33 &#8222;Staromiejskie&#8221;<\/h2>\n<p><span style=\"font-size: 14pt;\">Mamy wolne miejsca. Zapraszamy do rekrutacji na rok szkolny <strong>2026\/2027<\/strong>.<\/span><\/p>\n<p><span style=\"font-size: 14pt;\">Nasze atuty:<\/span><\/p>\n<ul>\n<li><span style=\"font-size: 14pt;\">przedszkole j\u0119zykowe, stawiamy na j\u0119zyki obce: angielski, francuski oraz hiszpa\u0144ski<\/span><\/li>\n<li><span style=\"font-size: 14pt;\">wykwalifikowana kadra<\/span><\/li>\n<li><span style=\"font-size: 14pt;\">gimnastyka<\/span><\/li>\n<li><span style=\"font-size: 14pt;\">&#8222;Mali wspaniali&#8221;<\/span><\/li>\n<li><span style=\"font-size: 14pt;\">Miejski program profilaktyki logorytmicznej<\/span><\/li>\n<li><span style=\"font-size: 14pt;\">rytmika<\/span><\/li>\n<li><span style=\"font-size: 14pt;\">kodowania na dywanie<\/span><\/li>\n<\/ul>\n<p>[\/vc_column_text][vc_row_inner equal_height=&#8221;yes&#8221; gap=&#8221;35&#8243;][vc_column_inner][vc_single_image image=&#8221;244&#8243; img_size=&#8221;large&#8221; alignment=&#8221;center&#8221; onclick=&#8221;link_image&#8221; css=&#8221;&#8221;][\/vc_column_inner][\/vc_row_inner][vc_empty_space][\/vc_column][\/vc_row][vc_row full_width=&#8221;stretch_row&#8221; css=&#8221;.vc_custom_1763385349969{background-color: #00000000 !important;}&#8221;][vc_column][vc_custom_heading text=&#8221;Wyprawka przedszkolaka&#8221; font_container=&#8221;tag:h2|font_size:42|text_align:center&#8221; google_fonts=&#8221;font_family:Amatic%20SC%3Aregular%2C700|font_style:700%20bold%20regular%3A700%3Anormal&#8221; css_animation=&#8221;fadeInDown&#8221; css=&#8221;&#8221;][vc_zigzag color=&#8221;sky&#8221; el_width=&#8221;50&#8243; el_border_width=&#8221;15&#8243; css_animation=&#8221;fadeInDown&#8221;][vc_row_inner equal_height=&#8221;yes&#8221; gap=&#8221;35&#8243;][vc_column_inner el_class=&#8221;wpb_animate_when_almost_visible wpb_fadeInLeft fadeInLeft wpb_start_animation animated&#8221; width=&#8221;1\/2&#8243; css=&#8221;.vc_custom_1763374334153{border-top-width: 1px !important;border-right-width: 1px !important;border-bottom-width: 1px !important;border-left-width: 1px !important;border-left-style: solid !important;border-right-style: solid !important;border-top-style: solid !important;border-bottom-style: solid !important;border-radius: 5px !important;border-color: #D2CDCD !important;}&#8221;][vc_custom_heading text=&#8221;Wyprawka Rodzica&#8221; font_container=&#8221;tag:h3|font_size:32|text_align:center&#8221; google_fonts=&#8221;font_family:Amatic%20SC%3Aregular%2C700|font_style:700%20bold%20regular%3A700%3Anormal&#8221; css_animation=&#8221;none&#8221; css=&#8221;&#8221;][vc_column_text css=&#8221;.vc_custom_1763374467746{padding-left: 15px !important;}&#8221;]<\/p>\n<ul>\n<li><span style=\"font-size: 14pt;\">u\u015bmiech na twarzy, poniewa\u017c dziecko dok\u0142adnie j\u0105 obserwuje<\/span><\/li>\n<li><span style=\"font-size: 14pt;\">zaufanie do nauczycieli i pracownik\u00f3w przedszkola<\/span><\/li>\n<li><span style=\"font-size: 14pt;\">sto procent pewno\u015bci, ze dziecko sobie poradzi<\/span><\/li>\n<\/ul>\n<p>[\/vc_column_text][\/vc_column_inner][vc_column_inner el_class=&#8221;wpb_animate_when_almost_visible wpb_fadeInRight fadeInRight wpb_start_animation animated&#8221; width=&#8221;1\/2&#8243; css=&#8221;.vc_custom_1763374448651{border-top-width: 1px !important;border-right-width: 1px !important;border-bottom-width: 1px !important;border-left-width: 1px !important;border-left-style: solid !important;border-right-style: solid !important;border-top-style: solid !important;border-bottom-style: solid !important;border-radius: 5px !important;border-color: #D2CDCD !important;}&#8221;][vc_custom_heading text=&#8221;Wyprawka Dziecka&#8221; font_container=&#8221;tag:h3|font_size:32|text_align:center&#8221; google_fonts=&#8221;font_family:Amatic%20SC%3Aregular%2C700|font_style:700%20bold%20regular%3A700%3Anormal&#8221; css_animation=&#8221;none&#8221; css=&#8221;&#8221;][vc_column_text css=&#8221;.vc_custom_1763374493800{padding-left: 15px !important;}&#8221;]<\/p>\n<ul>\n<li><span style=\"font-size: 14pt;\">dobry humor<\/span><\/li>\n<li><span style=\"font-size: 14pt;\">przytulanka, kt\u00f3ra pomo\u017ce rozsta\u0107 si\u0119 z rodzicami<\/span><\/li>\n<li><span style=\"font-size: 14pt;\">chusteczki higieniczne, chusteczki mokre<\/span><\/li>\n<li><span style=\"font-size: 14pt;\">kapcie na gumowej podeszwie &#8211; podpisane<\/span><\/li>\n<li><span style=\"font-size: 14pt;\">pi\u017camka wci\u0105gana &#8211; podpisana &#8211; dzieci 3-letnie<\/span><\/li>\n<li><span style=\"font-size: 14pt;\">zapasowe ubrania, bielizna, bluzeczki, spodnie &#8211; pozostaje na p\u00f3\u0142ce w szatni i jest w ci\u0105gu roku uzupe\u0142niane<\/span><\/li>\n<\/ul>\n<p>[\/vc_column_text][\/vc_column_inner][\/vc_row_inner][vc_empty_space][\/vc_column][\/vc_row]<\/p>\n<\/div>","protected":false},"excerpt":{"rendered":"<p>[vc_row][vc_column width=&#8221;1\/6&#8243;][\/vc_column][vc_column width=&#8221;2\/3&#8243;][vc_row_inner equal_height=&#8221;yes&#8221;][vc_column_inner width=&#8221;1\/2&#8243;][vc_btn title=&#8221;Jad\u0142ospis&#8221; style=&#8221;outline&#8221; color=&#8221;primary&#8221; size=&#8221;lg&#8221; align=&#8221;center&#8221; i_icon_fontawesome=&#8221;fa fa-solid fa-apple-whole&#8221; css=&#8221;&#8221; button_block=&#8221;true&#8221; add_icon=&#8221;true&#8221; link=&#8221;url:https%3A%2F%2Fprzedszkole33.edu.wroclaw.pl%2Findex.php%2Fo-nas%2Fjadlospis%2F|title:Jad%C5%82ospis&#8221;][\/vc_column_inner][vc_column_inner width=&#8221;1\/2&#8243;][vc_btn title=&#8221;Komunikaty i og\u0142oszenia&#8221; style=&#8221;outline&#8221; color=&#8221;inverse&#8221; size=&#8221;lg&#8221; align=&#8221;center&#8221; i_type=&#8221;typicons&#8221; i_icon_typicons=&#8221;typcn typcn-document-text&#8221; css=&#8221;&#8221; button_block=&#8221;true&#8221; [&hellip;]<\/p>\n","protected":false},"author":72,"featured_media":0,"parent":0,"menu_order":0,"comment_status":"closed","ping_status":"closed","template":"","meta":{"footnotes":""},"class_list":["post-35","page","type-page","status-publish","hentry","clearfix"],"_links":{"self":[{"href":"https:\/\/przedszkole33.edu.wroclaw.pl\/index.php\/wp-json\/wp\/v2\/pages\/35","targetHints":{"allow":["GET"]}}],"collection":[{"href":"https:\/\/przedszkole33.edu.wroclaw.pl\/index.php\/wp-json\/wp\/v2\/pages"}],"about":[{"href":"https:\/\/przedszkole33.edu.wroclaw.pl\/index.php\/wp-json\/wp\/v2\/types\/page"}],"author":[{"embeddable":true,"href":"https:\/\/przedszkole33.edu.wroclaw.pl\/index.php\/wp-json\/wp\/v2\/users\/72"}],"replies":[{"embeddable":true,"href":"https:\/\/przedszkole33.edu.wroclaw.pl\/index.php\/wp-json\/wp\/v2\/comments?post=35"}],"version-history":[{"count":54,"href":"https:\/\/przedszkole33.edu.wroclaw.pl\/index.php\/wp-json\/wp\/v2\/pages\/35\/revisions"}],"predecessor-version":[{"id":334,"href":"https:\/\/przedszkole33.edu.wroclaw.pl\/index.php\/wp-json\/wp\/v2\/pages\/35\/revisions\/334"}],"wp:attachment":[{"href":"https:\/\/przedszkole33.edu.wroclaw.pl\/index.php\/wp-json\/wp\/v2\/media?parent=35"}],"curies":[{"name":"wp","href":"https:\/\/api.w.org\/{rel}","templated":true}]}}